ands digit of 2385019?
8
What is the thousands digit of 257645?
7
What is the hundred thousands digit of 279229?
2
What is the ten thousands digit of 677937?
7
What is the hundreds digit of 1038607?
6
What is the hundreds digit of 8416481?
4
What is the tens digit of 1148602?
0
What is the hundreds digit of 493988?
9
What is the ten thousands digit of 627369?
2
What is the hundreds digit of 2121563?
5
What is the ten thousands digit of 1078457?
7
What is the units digit of 437905?
5
What is the units digit of 13979267?
7
What is the tens digit of 258717?
1
What is the hundred thousands digit of 913882?
9
What is the hundreds digit of 6614357?
3
What is the units digit of 139940?
0
What is the ten thousands digit of 143629?
4
What is the hundreds digit of 15585779?
7
What is the thousands digit of 1594321?
4
What is the ten thousands digit of 572304?
7
What is the hundred thousands digit of 735922?
7
What is the ten thousands digit of 25491332?
9
What is the thousands digit of 524695?
4
What is the thousands digit of 2247985?
7
What is the ten thousands digit of 2512294?
1
What is the ten thousands digit of 880896?
8
What is the tens digit of 7746?
4
What is the ten thousands digit of 558868?
5
What is the units digit of 228972?
2
What is the hundred thousands digit of 1131199?
1
What is the hundred thousands digit of 228799?
2
What is the hundreds digit of 33515?
5
What is the thousands digit of 2273644?
3
What is the thousands digit of 10908172?
8
What is the ten thousands digit of 333388?
3
What is the tens digit of 176480?
8
What is the ten thousands digit of 5823466?
2
What is the units digit of 235187?
7
What is the tens digit of 415955?
5
What is the ten thousands digit of 1223164?
2
What is the hundred thousands digit of 634064?
6
What is the units digit of 3868685?
5
What is the hundred thousands digit of 157344?
1
What is the tens digit of 795967?
6
What is the ten thousands digit of 11000362?
0
What is the thousands digit of 26296376?
6
What is the ten thousands digit of 6443922?
4
What is the ten millions digit of 13661862?
1
What is the hundred thousands digit of 2095279?
0
What is the thousands digit of 7403?
7
What is the thousands digit of 840862?
0
What is the tens digit of 86007?
0
What is the hundred thousands digit of 29441141?
4
What is the units digit of 1013947?
7
What is the hundred thousands digit of 379392?
3
What is the units digit of 5433478?
8
What is the tens digit of 366436?
3
What is the hundreds digit of 1444841?
8
What is the thousands digit of 1870532?
0
What is the thousands digit of 2101266?
1
What is the hundreds digit of 266492?
4
What is the tens digit of 890271?
7
What is the millions digit of 12297155?
2
What is the units digit of 6787869?
9
What is the thousands digit of 262264?
2
What is the tens digit of 18192?
9
What is the thousands digit of 2827336?
7
What is the units digit of 1089661?
1
What is the units digit of 631069?
9
What is the thousands digit of 5997?
5
What is the units digit of 16737?
7
What is the millions digit of 5348459?
5
What is the tens digit of 22843480?
8
What is the tens digit of 159530?
3
What is the tens digit of 4283280?
8
What is the ten thousands digit of 2228046?
2
What is the ten thousands digit of 5662984?
6
What is the hundreds digit of 911247?
2
What is the tens digit of 273647?
4
What is the tens digit of 28025?
2
What is the tens digit of 1870275?
7
What is the units digit of 57643?
3
What is the millions digit of 5562188?
5
What is the hundred thousands digit of 313304?
3
What is the ten thousands digit of 63384?
6
What is the hundred thousands digit of 416005?
4
What is the units digit of 33040?
0
What is the millions digit of 4055849?
4
What is the hundreds digit of 11702754?
7
What is the ten thousands digit of 130637?
3
What is the hundred thousands digit of 15720201?
7
What is the millions digit of 1011365?
1
What is the ten thousands digit of 138190?
3
What is the hundreds digit of 1201085?
0
What is the thousands digit of 883790?
3
What is the ten thousands digit of 997085?
9
What is the units digit of 1028033?
3
What is the hundreds digit of 1116390?
3
What is the thousands digit of 9098122?
8
What is the tens digit of 360981?
8
What is the hundreds digit of 451686?
6
What is the units digit of 154138?
8
What is the units digit of 3456695?
5
What is the hundred thousands digit of 11329989?
3
What is the hundred thousands digit of 836999?
8
What is the millions digit of 6769968?
6
What is the units digit of 10151347?
7
What is the ten thousands digit of 20720236?
2
What is the units digit of 77663?
3
What is the millions digit of 12179533?
2
What is the thousands digit of 230890?
0
What is the tens digit of 957651?
5
What is the ten thousands digit of 142429?
4
What is the thousands digit of 20166443?
6
What is the hundreds digit of 16564862?
8
What is the tens digit of 198594?
9
What is the hundreds digit of 9988270?
2
What is the thousands digit of 251424?
1
What is the hundreds digit of 11368906?
9
What is the units digit of 93516?
6
What is the tens digit of 53258?
5
What is the units digit of 2422080?
0
What is the millions digit of 2063391?
2
What is the hundred thousands digit of 1252636?
2
What is the tens digit of 1046580?
8
What is the units digit of 19418829?
9
What is the ten thousands digit of 112997?
1
What is the hundreds digit of 43571?
5
What is the ten thousands digit of 2412151?
1
What is the tens digit of 505050?
5
What is the ten thousands digit of 5322997?
2
What is the tens digit of 1081291?
9
What is the thousands digit of 2377673?
7
What is the hundreds digit of 1027633?
6
What is the hundreds digit of 98165?
1
What is the hundred thousands digit of 191768?
1
What is the units digit of 700617?
7
What is the hundred thousands digit of 649659?
6
What is the thousands digit of 1048197?
8
What is the units digit of 308917?
7
What is the ten thousands digit of 485795?
8
What is the hundreds digit of 1275017?
0
What is the hundred thousands digit of 6301844?
3
What is the hundred thousands digit of 878956?
8
What is the millions digit of 13989949?
3
What is the units digit of 3973512?
2
What is the tens digit of 2503177?
7
What is the tens digit of 28510753?
5
What is the thousands digit of 4238475?
8
What is the millions digit of 9830359?
9
What is the thousands digit of 583401?
3
What is the tens digit of 318512?
1
What is the ten thousands digit of 707809?
0
What is the thousands digit of 261416?
1
What is the tens digit of 540795?
9
What is the hundred thousands digit of 5645459?
6
What is the tens digit of 1439600?
0
What is the hundreds digit of 3695506?
5
What is the millions digit of 1445023?
1
What is the thousands digit of 522839?
2
What is the thousands digit of 1063214?
3
What is the millions digit of 25041447?
5
What is the hundred thousands digit of 34885636?
8
What is the hundred thousands digit of 238848?
2
What is the hundreds digit of 392769?
7
What is the millions digit of 9412647?
9
What is the hundred thousands digit of 120113?
1
What is the millions digit of 2831173?
2
What is the hundred thousands digit of 922781?
9
What is the thousands digit of 12332849?
2
What is the units digit of 171994?
4
What is the hundred thousands digit of 726201?
7
What is the units digit of 134554?
4
What is the units digit of 1096729?
9
What is the ten thousands digit of 2180588?
8
What is the tens digit of 7571897?
9
What is the hundred thousands digit of 793720?
7
What is the units digit of 555110?
0
What is the millions digit of 4461220?
4
What is the tens digit of 166241?
4
What is the tens digit of 917854?
5
What is the units digit of 170812?
2
What is the hundreds digit of 17052481?
4
What is the millions digit of 1353533?
1
What is the tens digit of 243239?
3
What is the ten thousands digit of 752562?
5
What is the hundreds digit of 996905?
9
What is the thousands digit of 3758554?
8
What is the tens digit of 163923?
2
What is the units digit of 286685?
5
What is the millions digit of 7886138?
7
What is the millions digit of 1670900?
1
What is the units digit of 3534879?
9
What is the hundred thousands digit of 142258?
1
What is the hundred thousands digit of 152926?
1
What is the ten thousands digit of 44138?
4
What is the